the remainder when 1348 is divided by 337?
0
Calculate the remainder when 22602 is divided by 184.
154
What is the remainder when 104065 is divided by 1927?
7
What is the remainder when 9691 is divided by 4755?
181
What is the remainder when 10509 is divided by 700?
9
What is the remainder when 495374 is divided by 79?
44
What is the remainder when 5922 is divided by 2?
0
Calculate the remainder when 9816 is divided by 791.
324
What is the remainder when 4787 is divided by 2376?
35
What is the remainder when 6603 is divided by 10?
3
What is the remainder when 20007 is divided by 115?
112
What is the remainder when 115244 is divided by 1049?
903
What is the remainder when 10621 is divided by 548?
209
Calculate the remainder when 18472 is divided by 228.
4
What is the remainder when 42508 is divided by 278?
252
Calculate the remainder when 233848 is divided by 196.
20
Calculate the remainder when 7585 is divided by 330.
325
What is the remainder when 25477 is divided by 9?
7
What is the remainder when 161215 is divided by 422?
11
What is the remainder when 87469 is divided by 157?
20
Calculate the remainder when 1785 is divided by 556.
117
Calculate the remainder when 10134 is divided by 74.
70
What is the remainder when 38439 is divided by 2164?
1651
Calculate the remainder when 6954 is divided by 290.
284
Calculate the remainder when 17694 is divided by 538.
478
Calculate the remainder when 204344 is divided by 68111.
11
What is the remainder when 251457 is divided by 44?
41
Calculate the remainder when 13242 is divided by 86.
84
Calculate the remainder when 129472 is divided by 454.
82
What is the remainder when 5699 is divided by 5653?
46
What is the remainder when 662 is divided by 560?
102
What is the remainder when 33717 is divided by 911?
10
What is the remainder when 19031 is divided by 443?
425
Calculate the remainder when 7162 is divided by 483.
400
Calculate the remainder when 1477 is divided by 1222.
255
Calculate the remainder when 20433238 is divided by 1688.
1686
Calculate the remainder when 747 is divided by 739.
8
Calculate the remainder when 216557 is divided by 16.
13
What is the remainder when 1287 is divided by 75?
12
What is the remainder when 4563 is divided by 18?
9
Calculate the remainder when 42400 is divided by 6055.
15
What is the remainder when 7818 is divided by 48?
42
What is the remainder when 13943 is divided by 377?
371
What is the remainder when 1669 is divided by 176?
85
Calculate the remainder when 39353 is divided by 3914.
213
Calculate the remainder when 819 is divided by 176.
115
What is the remainder when 9762 is divided by 836?
566
Calculate the remainder when 67333 is divided by 233.
229
What is the remainder when 166981 is divided by 127?
103
Calculate the remainder when 26791 is divided by 1030.
11
What is the remainder when 190938 is divided by 10?
8
What is the remainder when 560814 is divided by 65?
59
Calculate the remainder when 8171493 is divided by 12.
9
Calculate the remainder when 2065 is divided by 455.
245
What is the remainder when 536 is divided by 140?
116
Calculate the remainder when 40750 is divided by 40708.
42
What is the remainder when 12595 is divided by 12530?
65
Calculate the remainder when 5597 is divided by 361.
182
Calculate the remainder when 89710 is divided by 182.
166
Calculate the remainder when 193958 is divided by 176.
6
What is the remainder when 3704 is divided by 3308?
396
Calculate the remainder when 214297 is divided by 23807.
34
What is the remainder when 305108 is divided by 131?
9
Calculate the remainder when 118781 is divided by 3830.
51
What is the remainder when 114462 is divided by 98?
96
Calculate the remainder when 1272 is divided by 565.
142
What is the remainder when 4263 is divided by 1415?
18
What is the remainder when 24781 is divided by 1185?
1081
What is the remainder when 1881445 is divided by 1047?
1033
Calculate the remainder when 389280 is divided by 64880.
0
What is the remainder when 100123 is divided by 871?
829
Calculate the remainder when 6625 is divided by 348.
13
Calculate the remainder when 53642 is divided by 37.
29
Calculate the remainder when 7601 is divided by 6325.
1276
Calculate the remainder when 97181 is divided by 16.
13
Calculate the remainder when 16136 is divided by 182.
120
What is the remainder when 822 is divided by 450?
372
What is the remainder when 3138 is divided by 103?
48
What is the remainder when 217031 is divided by 195?
191
Calculate the remainder when 26019 is divided by 34.
9
Calculate the remainder when 13046 is divided by 6324.
398
What is the remainder when 1148 is divided by 276?
44
What is the remainder when 43619 is divided by 60?
59
What is the remainder when 65546 is divided by 15?
11
Calculate the remainder when 34381 is divided by 25.
6
What is the remainder when 774 is divided by 165?
114
What is the remainder when 31354 is divided by 18?
16
Calculate the remainder when 71585 is divided by 471.
464
Calculate the remainder when 192471 is divided by 289.
286
Calculate the remainder when 14496 is divided by 1136.
864
Calculate the remainder when 319542 is divided by 159765.
12
Calculate the remainder when 2002 is divided by 661.
19
What is the remainder when 13125 is divided by 329?
294
Calculate the remainder when 252496 is divided by 50496.
16
Calculate the remainder when 8908 is divided by 59.
58
What is the remainder when 15007 is divided by 1758?
943
What is the remainder when 68815 is divided by 339?
337
What is the remainder when 17677 is divided by 4403?
65
What is the remainder when 176513 is divided by 167?
161
Calculate the remainder when 26999 is divided by 273.
245
Calculate the remainder when 1555 is divided by 19.
16
Calculate the remainder when 409 is divided by 316.
93
Calculate the remainder when 2934 is divided by 17.
10
What is the remainder when 42434 is divided by 267?
248
What is the remainder when 5411 is divided by 362?
343
Calculate the remainder when 1751 is divided by 1695.
56
Calculate the remainder when 1070419 is divided by 34.
31
Calculate the remainder when 3525 is divided by 104.
93
What is the remainder when 5822 is divided by 531?
512
What is the remainder when 25145 is divided by 12542?
61
What is the remainder when 557677 is divided by 16?
13
What is the remainder when 27200 is divided by 26?
4
What is the remainder when 26077 is divided by 60?
37
What is the remainder when 37121 is divided by 7396?
141
Calculate the remainder when 2741 is divided by 72.
5
Calculate the remainder when 30685 is divided by 498.
307
What is the remainder when 2804 is divided by 256?
244
What is the remainder when 2960556 is divided by 139?
134
Calculate the remainder when 26070 is divided by 1134.
1122
What is the remainder when 49404 is divided by 1598?
1464
What is the remainder when 752099 is divided by 108?
95
What is the remainder when 454371 is divided by 113?
111
What is the remainder when 15312 is divided by 15?
12
Calculate the remainder when 26990 is divided by 143.
106
Calculate the remainder when 12836 is divided by 313.
3
What is the remainder when 1104243 is divided by 278?
27
Calculate the remainder when 98695 is divided by 1233.
55
What is the remainder when 682 is divided by 305?
72
Calculate the remainder when 29257 is divided by 55.
52
What is the remainder when 3474 is divided by 1350?
774
Calculate the remainder when 209254 is divided by 1674.
4
Calculate the remainder when 1177 is divided by 37.
30
Calculate the remainder when 2812 is divided by 51.
7
What is the remainder when 45599 is divided by 84?
71
Calculate the remainder when 26995 is divided by 8991.
22
Calculate the remainder when 13447 is divided by 539.
511
Calculate the remainder when 1925998 is divided by 250.
248
Calculate the remainder when 15200 is divided by 346.
322
Calculate the remainder when 13034 is divided by 2589.
89
Calculate the remainder when 114452 is divided by 195.
182
Calculate the remainder when 934996 is divided by 748.
744
What is the remainder when 79064 is divided by 832?
24
What is the remainder when 5145918 is divided by 1947?
1944
What is the remainder when 3552 is divided by 884?
16
Calculate the remainder when 25962 is divided by 8244.
1230
What is the remainder when 